s + 27 = o, 8*o - 6*o + s = q. Calculate the greatest common divisor of 35 and o.
7
Let i be 92162/16 - (-3)/(-24). Suppose i = -5*s + 17*s. What is the greatest common divisor of s and 15?
15
Let y = -174 - -169. Let f be (-328)/(-16) - y/(-2). Calculate the greatest common factor of 2 and f.
2
Suppose 9*u + 25*u - 23868 = 0. Calculate the highest common factor of 54 and u.
54
Let n be ((-7)/14)/(((-22)/(-964))/(-11)) + -7. Calculate the highest common factor of n and 26.
26
Suppose 211*u + 210*u - 415*u = 36. Calculate the highest common divisor of u and 2554.
2
Suppose -22*b + 3*b - b + 720 = 0. What is the highest common factor of b and 2868?
12
Let c = 31 - 36. Let g(w) = -11*w - 5. Let b be g(c). Let f = 178 + -158. What is the greatest common divisor of f and b?
10
Suppose -47*m + 756 = -33*m. What is the highest common factor of m and 396?
18
Let w be 180/14 + (-874)/(-6118). Calculate the highest common factor of 9854 and w.
13
Suppose 0 = 3*i + 4*i - 2*i. Suppose i = x - 5*t - 1 - 1, -4*t - 7 = x. Let d be 29/2 + x/(-18)*-9. Calculate the greatest common factor of d and 1.
1
Let i(s) = 2*s**2 - 5*s - 205. Let t be i(0). Let n = 348 + t. Calculate the highest common divisor of n and 22.
11
Suppose 8*l = 3*t + 12*l - 175, -8 = 4*l. Suppose -3*n - 3 - 5 = -4*r, -4*n = -4*r + 4. Suppose n*u - t = -21. Calculate the highest common divisor of 10 and u.
10
Let b be 1 - (0 + (1 - 1)). Let p be 2*(18 + (1 - b)). Let x be ((-10004)/(-123) - 86)*((-270)/(-24))/((-7)/8). Calculate the highest common factor of x and p.
12
Let r(p) = 5*p**2 - 21*p + 28. Let o be r(7). What is the highest common factor of 1113 and o?
21
Suppose -16*b - 13*b + 1947 = 30*b. What is the greatest common divisor of 201 and b?
3
Suppose 2 = -2*m, 191*i - 2*m - 4834 = 187*i. What is the highest common factor of i and 16?
8
Let n be ((-36)/(-10))/(87/1450). What is the greatest common factor of n and 735?
15
Let j be (-9)/(-9) - 3*2/6. Suppose j = 5*y - 4*g - 112, 5*g - 21 - 13 = -y. What is the highest common factor of 72 and y?
24
Suppose -m + 2*m = 2. Suppose -m*q - 4*q = 12. Let v be 13/((-455)/180)*7/q. Calculate the greatest common factor of v and 36.
18
Suppose 2129 = 5*b - 3*w, 0 = -5*b - 8*w + 10*w + 2126. Calculate the highest common divisor of 20 and b.
4
Let h be 2293089/181 - (18 + 3). What is the highest common factor of h and 136?
136
Let i = -122814 + 122999. Let k = -43 + 191. Calculate the highest common factor of i and k.
37
Suppose -2*w + 44 = 40. Suppose -2*q + 4*v = v - 37, 3*v - 19 = -w*q. What is the greatest common factor of q and 77?
7
Suppose -a = -44 + 50, 2*m - 396 = 2*a. What is the greatest common factor of m and 3936?
96
Let w(o) = -o**2 + 37*o - 7. Let q be (-10 - (-7576)/168) + 2/(-21). Let x be w(q). What is the greatest common divisor of x and 63?
63
Let g be 3 + (-3)/2 + 18/(-12). Let x be (48/(-9) - g)*(-75)/50. Suppose -2*i - 22 = -134. What is the greatest common factor of i and x?
8
Suppose -21*k = -465 - 228. Let h be (-14)/(-21)*k*6. What is the greatest common factor of 2 and h?
2
Let s be (199*169)/(8*(0 - 16/(-128))). Calculate the greatest common factor of s and 169.
169
Let y = 416 - 410. Let p be (4/2 - y - -47) + -3. Calculate the greatest common factor of p and 200.
40
Let y be (-6 + 5)/((-7)/2297624*4*2). What is the greatest common divisor of 89 and y?
89
Let a(g) = 11*g + 1. Let z be a(1). Suppose -12*k = -19*k. Suppose k = -y + 2*c + 30, 15*y - 17*y + 5*c = -60. What is the highest common factor of z and y?
6
Let u(c) = 3997*c**2 - 17*c - 35. Let b be u(-2). Calculate the highest common factor of b and 219.
219
Suppose 0*u - 4*u - d = 203, 4*u + 207 = 3*d. Let h = u + 232. Let m = 138 + h. What is the greatest common factor of m and 29?
29
Let j = -5349 + 5597. Calculate the greatest common factor of j and 200.
8
Let c be (-2 + ((-336)/(-10))/1)*20. Let u be c/(-24) - 4/6. Let a be (-31 - 5)*(-6)/u*-3. What is the highest common divisor of 12 and a?
12
Let k = -811 - -468. Let f = k - -403. Calculate the highest common factor of 90 and f.
30
Let r(c) = 156*c**2 - 7*c + 156. Let d be r(0). Let p(x) = -103*x + 1. Let i be p(-1). What is the highest common divisor of i and d?
52
Suppose -s + 4*s = 15. Suppose 2*g = -2*c, -g + 35 - 5 = -s*c. Calculate the greatest common factor of 115 and g.
5
Let d be 4 + -8*(-1)/((-24)/(-2022)). Let s = 902 - d. Calculate the highest common divisor of s and 84.
28
Let f be 13 + (5 + 1)*2/4. Suppose 6*w - f*w + 750 = 0. Calculate the greatest common divisor of w and 105.
15
Suppose 3*x - 4*x + 55 = 0. Suppose 655 = 44*a - 1061. Suppose 4*p - 5 = -l, 44*p - 5 = -l + a*p. Calculate the highest common divisor of l and x.
5
Let k = 12067 + -12023. Let n be 2770/7 - 2/(-7). Calculate the greatest common divisor of n and k.
44
Suppose -5*m = -4*j - 216, -47 = 44*m - 45*m - 3*j. Calculate the greatest common factor of m and 2893.
11
Let i(a) = a - 6. Let c be i(7). Suppose 6 = 3*y, f - 2*y - 16 = -4*f. Suppose 24 = b - 4*l, b = 4*b + f*l - 8. Calculate the highest common divisor of c and b.
1
Let l(b) = 1002*b - 3226. Let x be l(6). Calculate the greatest common divisor of 42 and x.
14
Let h = -3732 + 6313. Calculate the highest common factor of 267 and h.
89
Let w be 16/(240/81)*20. What is the greatest common factor of w and 2295?
27
Let f = 1485 + -1397. Let h(i) = -3*i**2 - 18*i - 7. Let l be h(-5). What is the greatest common divisor of f and l?
8
Suppose 0 = -1196*i + 1513*i - 3170. Suppose -51 - 179 = -p. What is the highest common factor of p and i?
10
Suppose -155 = -4*k - 131, -78 = -3*u - 4*k. Let p be 1 - (-1 + -412 + 0). Calculate the greatest common divisor of p and u.
18
Let g(c) = -c - 20. Let b be g(-42). Let f be b/3 - ((-20)/12 - -2). Calculate the highest common divisor of f and 63.
7
Suppose 3*n = 5*w - 16535, -26*w + 30*w - 4*n = 13220. Calculate the greatest common factor of 10 and w.
10
Suppose -95*a = -97*a - 2*y + 2, 3*a - 8 = -2*y. Calculate the greatest common factor of a and 1194.
6
Let j = 10773 - 9967. Calculate the highest common divisor of j and 124.
62
Let d(y) be the third derivative of -y**4/3 - y**3 - 2*y**2 - 3. Let k be d(-6). What is the greatest common divisor of 12 and k?
6
Suppose 4*h + 4*j - 603 = 41, 0 = -2*h + 5*j + 357. Calculate the greatest common divisor of 1162 and h.
166
Let j(b) = -b**3 - 10*b**2 + 10*b + 9. Let k be j(-11). Calculate the greatest common factor of 1030 and k.
10
Let p(t) = 557*t**2 + 101*t - 1. Let d be p(-2). Calculate the highest common factor of 25 and d.
25
Let n be ((-99)/(-15) - 7)*(-3 + (-3 - 44)). What is the greatest common divisor of n and 6980?
20
Suppose 18*n + 156 = 5*v + 14*n, v = 8*n + 60. Calculate the highest common divisor of v and 28.
28
Let f(j) = j**2 - 40. Suppose -5*b = -4*o - 6 - 7, -3*o + 2*b = 15. Let w be f(o). Calculate the greatest common divisor of 171 and w.
9
Let a = 8 + 7. Suppose 0 = a*t - 11*t + 8. Let u be (4/8)/((-1)/t). What is the highest common factor of u and 1?
1
Let b be (0 - 76)/(-2) + -2. Let r = b + 83. Calculate the highest common factor of r and 7.
7
Let g = -3 + 12. Suppose 0 = 5*f - g*f. Suppose 3*y + u - 210 = -u, -3*u = f. What is the greatest common factor of y and 14?
14
Suppose 4*h - 5*h + 1493 = 2*l, l = -1. Suppose -6*g + h = -125. What is the highest common factor of g and 12?
6
Let v be 4*(-30)/270 + (-487610)/(-18). Calculate the highest common divisor of v and 263.
263
Let l(w) = -3488*w**3 - 4*w**2 - 45*w - 41. Let z be l(-1). What is the greatest common factor of 32 and z?
32
Let y be 354/42 + 4/7. Let k(t) = 2*t**3 - 2*t**2 - 29*t + 12. Let p be k(6). Calculate the highest common divisor of y and p.
9
Suppose 28*w - 294346 + 38341 = -7981. Calculate the greatest common factor of 344 and w.
86
Let i(t) = -29*t + 3188*t**2 + 0*t - 3184*t**2 + 11. Let d be i(7). What is the greatest common divisor of d and 5?
1
Suppose 0 = -9*o + 2547 + 99. Let y = o - 256. Calculate the highest common divisor of 114 and y.
38
Let t(k) = k**2 + 3*k - 141. Let b be 539/(-35) + (-2)/(-5). Let i be t(b). Calculate the greatest common factor of 104 and i.
13
Suppose 4136 = -7233*q + 7280*q. What is the highest common divisor of q and 4213?
11
Let z(m) = m - 11. Let n be z(9). Let b 